{"id":4479,"date":"2025-03-19T12:11:50","date_gmt":"2025-03-19T11:11:50","guid":{"rendered":"https:\/\/www.fotikozszolg.hu\/?page_id=4479"},"modified":"2025-04-15T13:04:16","modified_gmt":"2025-04-15T11:04:16","slug":"k152-ifjusagi-cserek","status":"publish","type":"page","link":"https:\/\/www.fotikozszolg.hu\/?page_id=4479","title":{"rendered":"KA152 Ifj\u00fas\u00e1gi cser\u00e9k"},"content":{"rendered":"\t\t<div data-elementor-type=\"wp-page\" data-elementor-id=\"4479\" class=\"elementor elementor-4479\">\n\t\t\t\t<div class=\"elementor-element elementor-element-427e935 e-flex e-con-boxed e-con e-parent\" data-id=\"427e935\" data-element_type=\"container\">\n\t\t\t\t\t<div class=\"e-con-inner\">\n\t\t\t\t<div class=\"elementor-element elementor-element-5292588 elementor-widget elementor-widget-text-editor\" data-id=\"5292588\" data-element_type=\"widget\" data-widget_type=\"text-editor.default\">\n\t\t\t\t<div class=\"elementor-widget-container\">\n\t\t\t\t\t\t\t\t\t<h3 class=\"p1\"><b>\u00a02024.09.21. &#8211;\u00a0<\/b><b style=\"font-family: -apple-system, BlinkMacSystemFont, 'Segoe UI', Roboto, 'Helvetica Neue', Arial, sans-serif;\">Sz\u00e9kelyh\u00eddi besz\u00e1mol\u00f3 &#8211; Gy\u0151ri D\u00e1niel Erik, csoportvezet\u0151<\/b><\/h3><p class=\"p4\">Id\u00e9n ny\u00e1ron lehet\u0151s\u00e9gem ny\u00edlt r\u00e9szt venni a F\u00f3ti K\u00f6zszolg\u00e1ltat\u00f3 Nonprofit Kft. \u00e9s az Eur\u00f3pai Uni\u00f3 j\u00f3volt\u00e1b\u00f3l egy ifj\u00fas\u00e1gi csereprogramban, ahol r\u00e1ad\u00e1sul csapatvezet\u0151k\u00e9nt k\u00e9pviselhettem haz\u00e1mat a fogad\u00f3orsz\u00e1gban. A t\u00edznapos programnak Sz\u00e9kelyh\u00edd adott otthont, ahol h\u00e1rom m\u00e1sik nemzet \u2013 Szerbia, Rom\u00e1nia, \u00c9sztorsz\u00e1g \u2013 fiataljaival egy\u00fcttm\u0171k\u00f6dve b\u0151v\u00edtett\u00fck tud\u00e1st\u00e1runk, sz\u00f3rakoztunk, tett\u00fcnk szert felejthetetlen \u00e9lm\u00e9nyekre. A program a k\u00f6rnyezetv\u00e9delem \u00e9s fenntarthat\u00f3s\u00e1g jegy\u00e9ben j\u00f6tt l\u00e9tre., mely egy \u00e9get\u0151en fontos t\u00e9ma a mai vil\u00e1gban, hiszen mindannyiunk k\u00f6z\u00f6s \u00e9rdeke, hogy megv\u00e9dj\u00fck a bolyg\u00f3t a j\u00f6v\u0151 gener\u00e1ci\u00f3i sz\u00e1m\u00e1ra.<\/p><p class=\"p4\">Utaz\u00e1s el\u0151tt azonban m\u00e9g sz\u00e1mos feladatunk volt. Tal\u00e1lkoz\u00f3t szerveztem a csapatommal, hogy megismerhess\u00fck egym\u00e1st, \u00f6sszeszokjunk, k\u00f6z\u00f6ss\u00e9g\u00e9 v\u00e1ljunk. Innen is k\u00f6sz\u00f6n\u00f6m nekik a gyors \u00e9s eredm\u00e9nyes munk\u00e1t, n\u00e9lk\u00fcl\u00fck nem ment volna. Ezut\u00e1n egy m\u00e1sik \u00f6sszej\u00f6vetel keret\u00e9ben \u00e1tbesz\u00e9lt\u00fck az el\u0151zetes feladataink r\u00e9szleteit, melyek a k\u00f6vetkez\u0151k voltak. Els\u0151k\u00e9nt egy nemzeti est, melyen Magyarorsz\u00e1got \u00e9s annak kult\u00far\u00e1j\u00e1t mutatjuk be. Ezt kv\u00edzzel, n\u00e9pdallal, t\u00e1nccal, sz\u00e1mos jutalmaz\u00f3 finoms\u00e1ggal, s\u0151t egy sz\u00ednh\u00e1zi produkci\u00f3 seg\u00edts\u00e9g\u00e9vel oldottuk meg. Csak, hogy p\u00e1r p\u00e9ld\u00e1t eml\u00edtsek, a magyarul nem tud\u00f3 egy\u00e9nekkel a N\u00e1d a h\u00e1zam teteje\u2026 kezdet\u0171 m\u00e9lt\u00e1n h\u00edres dalt \u00e9nekeltett\u00fck el vagy a r\u00e9sztvev\u0151knek hungarikumok neveit kellett megtal\u00e1lniuk sz\u00f3keres\u0151 form\u00e1j\u00e1ban.<\/p><p class=\"p4\">M\u00e1sodik workshopunk t\u00e9m\u00e1ja a f\u00f3ti k\u00f6rnyezetv\u00e9delmi helyzet bemutat\u00e1sa volt. Ez r\u00e9szben egy vide\u00f3 keret\u00e9ben t\u00f6rt\u00e9nt, melyet mi magunk tal\u00e1ltunk ki, forgattunk le, v\u00e1gtuk \u00f6ssze \u00e9s v\u00e9g\u00fcl mutattuk be a nagyk\u00f6z\u00f6ns\u00e9g el\u0151tt. A vide\u00f3 t\u00e9m\u00e1ja egy \u00e1tlagos, k\u00f6rnyezettudatos f\u00f3ti di\u00e1k mindennapja volt. Helysz\u00edn\u00fcl a tavat, az \u00fcvegvisszav\u00e1lt\u00f3t, illetve a Czifra Cekker Csomagol\u00e1smentes Boltot v\u00e1lasztottuk. K\u00fcl\u00f6n k\u00f6sz\u00f6net \u00c1ginak, a bolt tulajdonos\u00e1nak, hogy egy\u00fcttm\u0171k\u00f6d\u00f6tt vel\u00fcnk a film elk\u00e9sz\u00fclte \u00e9rdek\u00e9ben.<\/p><p class=\"p4\">Sok k\u00e9sz\u00fcl\u00e9s \u00e9s v\u00e1rakoz\u00e1s ut\u00e1n azonban v\u00e9gre elj\u00f6tt az utaz\u00e1s napja. Reggel a vas\u00fat\u00e1llom\u00e1son tal\u00e1lkoztunk, hogy egy\u00fctt induljunk \u00fatnak. Oda\u00e9rve az \u00c9r Hangja m\u00e9diacsoport sz\u00edv\u00e9lyes fogadtat\u00e1ssal v\u00e1rt minket. M\u00e1r az els\u0151 este megismerkedt\u00fcnk a t\u00f6bbi fiatallal, mely kapcsolat az id\u0151 haladt\u00e1val er\u0151s l\u00e1ncc\u00e1 form\u00e1l\u00f3dott.<\/p><p class=\"p4\">A program alatt sz\u00e1mos workshopon \u00e9s interakt\u00edv feladaton vett\u00fcnk r\u00e9szt. Vegyes \u00e9s nemzeti csapatokban egyar\u00e1nt dolgoztunk ki megold\u00e1sokat k\u00f6rnyezetv\u00e9delmi probl\u00e9m\u00e1kra \u00e9s bonyol\u00f3dtunk eszmecser\u00e9be. Mindenki m\u00e1s \u00e9s m\u00e1s gondolatokat, szeml\u00e9letet \u00e9s gyakorlatot hozott orsz\u00e1g\u00e1b\u00f3l, ami sokkal sz\u00ednesebb\u00e9 tette a feladatokat, illetve a saj\u00e1t tud\u00e1sunk is m\u00e9g nagyobb m\u00f3don b\u0151v\u00fclhetett ez\u00e1ltal. Sz\u00e1momra az egyik leg\u00e9rdekesebb kih\u00edv\u00e1s az volt, mikor interj\u00fat kellett k\u00e9sz\u00edten\u00fcnk a helyiekkel, a fent eml\u00edtett t\u00e9m\u00e1kkal kapcsolatban.<\/p><p class=\"p4\">A t\u00edz nap alatt nem csak a tud\u00e1sunk b\u0151v\u00fclt, hanem \u00faj bar\u00e1ts\u00e1gokat is k\u00f6t\u00f6tt\u00fcnk. A program v\u00e9g\u00e9re igazi nemzetk\u00f6zi k\u00f6z\u00f6ss\u00e9gg\u00e9 kov\u00e1csol\u00f3dtunk \u00e9s tapasztalatok t\u00f6mkeleg\u00e9vel t\u00e9rt\u00fcnk haza orsz\u00e1gainkba, hogy tov\u00e1bb n\u00e9pszer\u0171s\u00edts\u00fck az ott megszerzett tud\u00e1sunk. A magyar nemzeti est mellett term\u00e9szetesen minden megh\u00edvott csapat bemutatta saj\u00e1t kult\u00far\u00e1j\u00e1t. Ezek az \u00e9lm\u00e9nyek mindannyiunk sz\u00e1m\u00e1ra meghat\u00e1roz\u00f3ak voltak \u00e9s \u00faj perspekt\u00edv\u00e1t adott a fenntarthat\u00f3s\u00e1ggal kapcsolatos teend\u0151inkhez. \u0150szint\u00e9n rem\u00e9lem, hogy ez a kezdem\u00e9nyez\u00e9s a j\u00f6v\u0151ben tov\u00e1bb folytat\u00f3dik \u00e9s t\u00f6bb ilyen programban r\u00e9szt v\u00e9ve szerezhet\u00fcnk m\u00e9g t\u00f6bb tud\u00e1st \u00e9s felejthetetlen, maradand\u00f3 eml\u00e9keket. K\u00d6SZ\u00d6NJ\u00dcK!<\/p>\t\t\t\t\t\t\t\t<\/div>\n\t\t\t\t<\/div>\n\t\t\t\t\t<\/div>\n\t\t\t\t<\/div>\n\t\t<div class=\"elementor-element elementor-element-389e305 e-flex e-con-boxed e-con e-parent\" data-id=\"389e305\" data-element_type=\"container\">\n\t\t\t\t\t<div class=\"e-con-inner\">\n\t\t<div class=\"elementor-element elementor-element-742e463 e-con-full e-flex e-con e-child\" data-id=\"742e463\" data-element_type=\"container\">\n\t\t\t\t<div class=\"elementor-element elementor-element-dad5989 elementor-widget elementor-widget-image\" data-id=\"dad5989\" data-element_type=\"widget\" data-widget_type=\"image.default\">\n\t\t\t\t<div class=\"elementor-widget-container\">\n\t\t\t\t\t\t\t\t\t\t\t\t\t\t\t<img fetchpriority=\"high\" decoding=\"async\" width=\"843\" height=\"474\" src=\"https:\/\/www.fotikozszolg.hu\/wp-content\/uploads\/2025\/04\/Foto_1-ma\u0301solat-1.png\" class=\"attachment-large size-large wp-image-4789\" alt=\"\" srcset=\"https:\/\/www.fotikozszolg.hu\/wp-content\/uploads\/2025\/04\/Foto_1-ma\u0301solat-1.png 844w, https:\/\/www.fotikozszolg.hu\/wp-content\/uploads\/2025\/04\/Foto_1-ma\u0301solat-1-300x169.png 300w, https:\/\/www.fotikozszolg.hu\/wp-content\/uploads\/2025\/04\/Foto_1-ma\u0301solat-1-768x432.png 768w\" sizes=\"(max-width: 843px) 100vw, 843px\" \/>\t\t\t\t\t\t\t\t\t\t\t\t\t\t\t<\/div>\n\t\t\t\t<\/div>\n\t\t\t\t<\/div>\n\t\t<div class=\"elementor-element elementor-element-0bf7fa8 e-con-full e-flex e-con e-child\" data-id=\"0bf7fa8\" data-element_type=\"container\">\n\t\t\t\t<div class=\"elementor-element elementor-element-98f4374 elementor-widget elementor-widget-image\" data-id=\"98f4374\" data-element_type=\"widget\" data-widget_type=\"image.default\">\n\t\t\t\t<div class=\"elementor-widget-container\">\n\t\t\t\t\t\t\t\t\t\t\t\t\t\t\t<img decoding=\"async\" width=\"472\" height=\"355\" src=\"https:\/\/www.fotikozszolg.hu\/wp-content\/uploads\/2025\/04\/P9020081-Enhanced-NR-ma\u0301solat.png\" class=\"attachment-large size-large wp-image-4788\" alt=\"\" srcset=\"https:\/\/www.fotikozszolg.hu\/wp-content\/uploads\/2025\/04\/P9020081-Enhanced-NR-ma\u0301solat.png 472w, https:\/\/www.fotikozszolg.hu\/wp-content\/uploads\/2025\/04\/P9020081-Enhanced-NR-ma\u0301solat-300x226.png 300w\" sizes=\"(max-width: 472px) 100vw, 472px\" \/>\t\t\t\t\t\t\t\t\t\t\t\t\t\t\t<\/div>\n\t\t\t\t<\/div>\n\t\t\t\t<\/div>\n\t\t\t\t\t<\/div>\n\t\t\t\t<\/div>\n\t\t<div class=\"elementor-element elementor-element-8aec8db e-flex e-con-boxed e-con e-parent\" data-id=\"8aec8db\" data-element_type=\"container\">\n\t\t\t\t\t<div class=\"e-con-inner\">\n\t\t\t\t<div class=\"elementor-element elementor-element-a318279 elementor-widget elementor-widget-text-editor\" data-id=\"a318279\" data-element_type=\"widget\" data-widget_type=\"text-editor.default\">\n\t\t\t\t<div class=\"elementor-widget-container\">\n\t\t\t\t\t\t\t\t\t<h3>\u00a0<b>2024.07.06.<\/b><\/h3><p class=\"p1\"><b>Kedves f\u00f3ti Fiatalok!<\/b><b><\/b><\/p><p class=\"p1\">A F\u00f3ti K\u00f6zszolg\u00e1ltat\u00f3 Nonprofit Kft. az erd\u00e9lyi \u00c9rhangja Egyes\u00fclettel koordin\u00e1l\u00e1s\u00e1val, a szerbiai FLOW-E.R. \u00e9s az \u00e9szt Seiklejate Vennaskond Egyes\u00fclettel egy\u00fcttm\u0171k\u00f6d\u00e9sben, k\u00f6z\u00f6s p\u00e1ly\u00e1z\u00e1s \u00fatj\u00e1n eur\u00f3pai uni\u00f3s t\u00e1mogat\u00e1st nyert a\u00a0<b>\u201cThe Role of Media in Environmental Protection\u201d<\/b>\u00a0c\u00edm\u0171 nemzetk\u00f6zi ifj\u00fas\u00e1gicsere megval\u00f3s\u00edt\u00e1s\u00e1ra.<\/p><p class=\"p1\">A p\u00e1ly\u00e1zat eredm\u00e9nyek\u00e9nt mind a 4 orsz\u00e1gb\u00f3l 6-6 fiatal (18-30 \u00e9ves) r\u00e9sztvev\u0151 \u00e9s 1-1 csoportvezet\u0151 (18 \u00e9v feletti) vehet r\u00e9szt ingyenesen a Sz\u00e9kelyh\u00eddon megrendez\u00e9sre ker\u00fcl\u0151 8 napos tal\u00e1lkoz\u00f3n, workshopon.<\/p><p class=\"p1\">D\u00e1tum:\u00a0<b>2024.08.29-2024.09.07\u00a0<\/b>(az utaz\u00e1si napokat bele\u00e9rtve)<\/p><p class=\"p1\"><span class=\"s1\">A projekt c\u00e9lja<\/span>:<\/p><p class=\"p1\">A projekt megval\u00f3s\u00edt\u00e1s\u00e1val c\u00e9lunk, hogy n\u00f6velj\u00fck a fiatalok elk\u00f6telezetts\u00e9g\u00e9t a k\u00f6rnyezetv\u00e9delem \u00e9s a fenntarthat\u00f3 fejl\u0151d\u00e9s ir\u00e1nt, k\u00fcl\u00f6n\u00f6s tekintettel az alacsony iskolai v\u00e9gzetts\u00e9g\u0171ekre. Szeretn\u00e9nk a m\u00e9dia erej\u00e9t felhaszn\u00e1lni a kritikai tudatoss\u00e1g \u00e9s a k\u00f6rnyezeti k\u00e9rd\u00e9sek, valamint a m\u00e9dia r\u00e1juk gyakorolt hat\u00e1s\u00e1nak m\u00e9lyebb meg\u00e9rt\u00e9s\u00e9re. Ez a megk\u00f6zel\u00edt\u00e9s lehet\u0151v\u00e9 teszi a fiatalok sz\u00e1m\u00e1ra, hogy t\u00e1j\u00e9kozott \u00e9s felel\u0151s m\u00e9diahaszn\u00e1l\u00f3kk\u00e1 fejl\u0151djenek, kritikusan \u00e9rt\u00e9kelve a kapott inform\u00e1ci\u00f3kat, \u00e9s hozz\u00e1j\u00e1ruljanak a fenntarthat\u00f3 gyakorlatok terjeszt\u00e9s\u00e9hez.<\/p><p class=\"p1\">A projekt tev\u00e9kenys\u00e9gei r\u00e9v\u00e9n a fiatalok nemcsak ismeretekre, hanem gyakorlati k\u00e9szs\u00e9gekre is szert tesznek, amelyek seg\u00edts\u00e9g\u00e9vel meg\u00e9rthetik a kl\u00edmav\u00e1ltoz\u00e1s \u00e9s a fenntarthat\u00f3s\u00e1g \u00f6sszetetts\u00e9g\u00e9t, \u00e9s akt\u00edvan r\u00e9szt vehetnek \u00f6kol\u00f3giai kezdem\u00e9nyez\u00e9sekben. Arra fogjuk \u00f6szt\u00f6n\u00f6zni a fiatalokat, hogy v\u00e1ljanak akt\u00edv \u00e1llampolg\u00e1rokk\u00e1, \u00e9s v\u00e1llaljanak nagyobb szerepet a civil szerepv\u00e1llal\u00e1sban az\u00e1ltal, hogy minden szinten bekapcsol\u00f3dnak a k\u00f6rnyezetv\u00e9delmi projektekbe.<\/p><p class=\"p1\">Az \u00e1ltalunk ki\u00e9p\u00edtett nemzetk\u00f6zi partners\u00e9g a projekt egyik f\u0151 pill\u00e9re lesz, amely valamennyi \u00e9rintett partner kapacit\u00e1s\u00e1t er\u0151s\u00edti. A tapasztalatok \u00e9s strat\u00e9gi\u00e1k cser\u00e9je jav\u00edtani fogja a fiatalokkal folytatott munka min\u0151s\u00e9g\u00e9t, \u00e9s hozz\u00e1j\u00e1rul a bev\u00e1lt gyakorlatok eur\u00f3pai szint\u0171 modellj\u00e9nek kidolgoz\u00e1s\u00e1hoz. C\u00e9lunk, hogy biztos\u00edtsuk a befogad\u00e1st \u00e9s a soksz\u00edn\u0171s\u00e9get a projektben, tanul\u00e1st \u00e9s fejl\u0151d\u00e9st biztos\u00edtva a vid\u00e9ki\/alacsony iskolai v\u00e9gzetts\u00e9g\u0171 fiatalok sz\u00e1m\u00e1ra.<\/p><p class=\"p1\">V\u00e9g\u00fcl az ifj\u00fas\u00e1gi szervezetek kapacit\u00e1s\u00e1nak n\u00f6vel\u00e9s\u00e9vel biztos\u00edtjuk kezdem\u00e9nyez\u00e9seink fenntarthat\u00f3s\u00e1g\u00e1t \u00e9s terjeszt\u00e9s\u00e9t. Olyan programokat szeretn\u00e9nk l\u00e9trehozni, amelyek nem csak a fiatalok aktu\u00e1lis ig\u00e9nyeit el\u00e9g\u00edtik ki, hanem adapt\u00e1lhat\u00f3k \u00e9s m\u00e1s szervezetek is \u00e1tvehetik, hogy tart\u00f3s hat\u00e1st fejtsenek ki a k\u00f6rnyezetv\u00e9delem \u00e9s a fenntarthat\u00f3s\u00e1gra nevel\u00e9s ter\u00fclet\u00e9n. Ez a projekt teh\u00e1t szil\u00e1rd alapot teremt egy olyan j\u00f6v\u0151 sz\u00e1m\u00e1ra, ahol a fiatalok felk\u00e9sz\u00fcltek a k\u00f6rnyezeti kih\u00edv\u00e1sokkal val\u00f3 szemben\u00e9z\u00e9sre, \u00e1talak\u00edtva k\u00f6z\u00f6ss\u00e9geiket, \u00e9s egy z\u00f6ldebb \u00e9s tudatosabb t\u00e1rsadalmat form\u00e1lhatnak.<\/p><p class=\"p1\">A projekttel k\u00e9zzelfoghat\u00f3 v\u00e1ltoz\u00e1st szeretn\u00e9nk el\u00e9rni, olyan platformot adni a fiataloknak, ahol tanulhatnak, kifejezhetik magukat \u00e9s cselekedhetnek. Nemcsak a fiatalok \u00e9s a m\u00e9dia, hanem a k\u00fcl\u00f6nb\u00f6z\u0151 kult\u00far\u00e1j\u00fa fiatalok k\u00f6z\u00f6tt is hidakat akarunk \u00e9p\u00edteni, k\u00f6z\u00f6s c\u00e9lunk a k\u00f6rnyezet v\u00e9delme \u00e9s a fenntarthat\u00f3 fejl\u0151d\u00e9s el\u0151mozd\u00edt\u00e1sa.<\/p><p class=\"p1\"><b>Amennyiben felkeltett\u00fck \u00e9rdekl\u0151d\u00e9sedet, jelentkezz!<\/b><b><\/b><\/p><p class=\"p1\">Jelentkez\u00e9si lap:\u00a0Application form for the Youth Exchange in Romania: &#8220;The Role of Media in Environmental Protection&#8221; (google.com)<\/p><p class=\"p1\">Jelentkez\u00e9si hat\u00e1rid\u0151:<b>\u00a02024. augusztus 4.<\/b><b><\/b><\/p><p class=\"p1\">Tov\u00e1bbi r\u00e9szletek az Infopackban:\u00a0https:\/\/shorturl.at\/VgYFI<\/p><p class=\"p1\"><b>Gyere \u00e9s vegy\u00e9l r\u00e9szt\u2013 jelentkezz most-, l\u00e9gy r\u00e9szese ennek a k\u00fcl\u00f6nleges projektnek!<\/b><b><\/b><\/p><p class=\"p1\">B\u00e1rmilyen k\u00e9rd\u00e9s eset\u00e9n keress minket az\u00a0erikastrobl@fotikozszolg.hu\u00a0e-mail c\u00edmen!<\/p>\t\t\t\t\t\t\t\t<\/div>\n\t\t\t\t<\/div>\n\t\t\t\t\t<\/div>\n\t\t\t\t<\/div>\n\t\t<div class=\"elementor-element elementor-element-af7fd30 e-flex e-con-boxed e-con e-parent\" data-id=\"af7fd30\" data-element_type=\"container\">\n\t\t\t\t\t<div class=\"e-con-inner\">\n\t\t\t\t<div class=\"elementor-element elementor-element-f045d7f elementor-widget elementor-widget-image\" data-id=\"f045d7f\" data-element_type=\"widget\" data-widget_type=\"image.default\">\n\t\t\t\t<div class=\"elementor-widget-container\">\n\t\t\t\t\t\t\t\t\t\t\t\t\t\t\t<img decoding=\"async\" width=\"724\" height=\"1024\" src=\"https:\/\/www.fotikozszolg.hu\/wp-content\/uploads\/2025\/04\/ERDE\u0301LY-ma\u0301solat-724x1024.png\" class=\"attachment-large size-large wp-image-4790\" alt=\"\" srcset=\"https:\/\/www.fotikozszolg.hu\/wp-content\/uploads\/2025\/04\/ERDE\u0301LY-ma\u0301solat-724x1024.png 724w, https:\/\/www.fotikozszolg.hu\/wp-content\/uploads\/2025\/04\/ERDE\u0301LY-ma\u0301solat-212x300.png 212w, https:\/\/www.fotikozszolg.hu\/wp-content\/uploads\/2025\/04\/ERDE\u0301LY-ma\u0301solat.png 768w\" sizes=\"(max-width: 724px) 100vw, 724px\" \/>\t\t\t\t\t\t\t\t\t\t\t\t\t\t\t<\/div>\n\t\t\t\t<\/div>\n\t\t\t\t\t<\/div>\n\t\t\t\t<\/div>\n\t\t<div class=\"elementor-element elementor-element-1640ade e-flex e-con-boxed e-con e-parent\" data-id=\"1640ade\" data-element_type=\"container\">\n\t\t\t\t\t<div class=\"e-con-inner\">\n\t\t\t\t<div class=\"elementor-element elementor-element-b9932c4 elementor-widget elementor-widget-text-editor\" data-id=\"b9932c4\" data-element_type=\"widget\" data-widget_type=\"text-editor.default\">\n\t\t\t\t<div class=\"elementor-widget-container\">\n\t\t\t\t\t\t\t\t\t<h3 class=\"p1\"><b>2023.10.18. \u00a0<\/b><\/h3><p class=\"p1\">V\u00e1rosunk vezet\u00e9se elk\u00f6telezett a F\u00f3ton \u00e9l\u0151 \u00e9s itt tanul\u00f3 fiatalok tud\u00e1s\u00e1nak \u00e9s tapasztalatainak gyarap\u00edt\u00e1s\u00e1ban, valamint az eur\u00f3pai \u00e9rt\u00e9kek n\u00e9pszer\u0171s\u00edt\u00e9s\u00e9ben. Ennek \u00e9rdek\u00e9ben a\u00a0<i>F\u00f3ti K\u00f6zszolg\u00e1ltat\u00f3 Nonprofit Kft.<\/i>\u00a0szervez\u00e9s\u00e9ben lehet\u0151s\u00e9g ny\u00edlik eur\u00f3pai uni\u00f3s (pl. Erasmus+, Visegr\u00e1di Alap) p\u00e1ly\u00e1zatokon val\u00f3 r\u00e9szv\u00e9telre.<\/p><p class=\"p3\"><b>Kedves Fiatalok!<\/b><b><\/b><\/p><p class=\"p3\">K\u00e9rj\u00fck, az al\u00e1bbi k\u00e9rd\u0151\u00edv kit\u00f6lt\u00e9s\u00e9vel regisztr\u00e1ljatok adatb\u00e1zisunkba, \u00edgy k\u00f6zvetlen\u00fcl \u00e9s gyorsan tudjuk eljuttatni hozz\u00e1tok az \u00e9rdekl\u0151d\u00e9seteknek megfelel\u0151 lehet\u0151s\u00e9geket.<\/p><p class=\"p3\">K\u00c9RD\u0150\u00cdV (https:\/\/docs.google.com\/forms\/d\/e\/1FAIpQLScFBHslVxQe_scgQ4j_Fgb2BqTgyNJH3s34_JHXQ938uSuTrw\/viewform?usp=sf_link)<\/p><p class=\"p3\"><b>Adatkezel\u00e9si t\u00e1j\u00e9koztat\u00f3<\/b><b><\/b><\/p><p class=\"p3\"><b>V\u00e1rjuk jelentkez\u00e9seteket!<\/b><b><\/b><\/p><p class=\"p3\">Javasoljuk tov\u00e1bb\u00e1, hogy k\u00f6vess\u00e9tek figyelemmel Facebook oldalunkat (https:\/\/www.facebook.com\/fotikozszolg), ahol folyamatosan keress\u00fck azokat a fiatalokat, akik szeretn\u00e9nek r\u00e9szt venni az \u00e9rdekl\u0151d\u00e9s\u00fcknek megfelel\u0151 t\u00e1mogatott programokban.<\/p>\t\t\t\t\t\t\t\t<\/div>\n\t\t\t\t<\/div>\n\t\t\t\t\t<\/div>\n\t\t\t\t<\/div>\n\t\t\t\t<\/div>\n\t\t","protected":false},"excerpt":{"rendered":"<p>\u00a02024.09.21. &#8211;\u00a0Sz\u00e9kelyh\u00eddi besz\u00e1mol\u00f3 &#8211; Gy\u0151ri D\u00e1niel Erik, csoportvezet\u0151 Id\u00e9n ny\u00e1ron lehet\u0151s\u00e9gem ny\u00edlt r\u00e9szt venni a F\u00f3ti K\u00f6zszolg\u00e1ltat\u00f3 Nonprofit Kft. \u00e9s az Eur\u00f3pai Uni\u00f3 j\u00f3volt\u00e1b\u00f3l egy&hellip;<\/p>\n","protected":false},"author":1,"featured_media":0,"parent":0,"menu_order":0,"comment_status":"closed","ping_status":"closed","template":"","meta":{"footnotes":""},"class_list":["post-4479","page","type-page","status-publish","hentry"],"_links":{"self":[{"href":"https:\/\/www.fotikozszolg.hu\/index.php?rest_route=\/wp\/v2\/pages\/4479","targetHints":{"allow":["GET"]}}],"collection":[{"href":"https:\/\/www.fotikozszolg.hu\/index.php?rest_route=\/wp\/v2\/pages"}],"about":[{"href":"https:\/\/www.fotikozszolg.hu\/index.php?rest_route=\/wp\/v2\/types\/page"}],"author":[{"embeddable":true,"href":"https:\/\/www.fotikozszolg.hu\/index.php?rest_route=\/wp\/v2\/users\/1"}],"replies":[{"embeddable":true,"href":"https:\/\/www.fotikozszolg.hu\/index.php?rest_route=%2Fwp%2Fv2%2Fcomments&post=4479"}],"version-history":[{"count":12,"href":"https:\/\/www.fotikozszolg.hu\/index.php?rest_route=\/wp\/v2\/pages\/4479\/revisions"}],"predecessor-version":[{"id":5677,"href":"https:\/\/www.fotikozszolg.hu\/index.php?rest_route=\/wp\/v2\/pages\/4479\/revisions\/5677"}],"wp:attachment":[{"href":"https:\/\/www.fotikozszolg.hu\/index.php?rest_route=%2Fwp%2Fv2%2Fmedia&parent=4479"}],"curies":[{"name":"wp","href":"https:\/\/api.w.org\/{rel}","templated":true}]}}