{"id":4465,"date":"2025-03-19T12:09:39","date_gmt":"2025-03-19T11:09:39","guid":{"rendered":"https:\/\/www.fotikozszolg.hu\/?page_id=4465"},"modified":"2025-06-10T13:45:02","modified_gmt":"2025-06-10T11:45:02","slug":"somlyo-kalandpark","status":"publish","type":"page","link":"https:\/\/www.fotikozszolg.hu\/?page_id=4465","title":{"rendered":"Somly\u00f3 kalandpark"},"content":{"rendered":"\t\t<div data-elementor-type=\"wp-page\" data-elementor-id=\"4465\" class=\"elementor elementor-4465\">\n\t\t\t\t<div class=\"elementor-element elementor-element-ab8647e e-flex e-con-boxed e-con e-parent\" data-id=\"ab8647e\" data-element_type=\"container\">\n\t\t\t\t\t<div class=\"e-con-inner\">\n\t\t\t\t<div class=\"elementor-element elementor-element-ec5004b elementor-widget elementor-widget-text-editor\" data-id=\"ec5004b\" data-element_type=\"widget\" data-widget_type=\"text-editor.default\">\n\t\t\t\t<div class=\"elementor-widget-container\">\n\t\t\t\t\t\t\t\t\t<p class=\"p1\">Ez\u00faton t\u00e1j\u00e9koztatjuk \u00d6n\u00f6ket, hogy kalandparkunk \u00e1t\u00e9p\u00edt\u00e9si munk\u00e1latok miatt ideiglenesen z\u00e1rva tart. A kor\u00e1bbi kalandparkot biztons\u00e1gi okok miatt el kellett bontanunk. Az aktu\u00e1lis v\u00e1rosvezet\u00e9s elk\u00f6telezett amellett, hogy egy modern, minden ig\u00e9nyt kiel\u00e9g\u00edt\u0151 \u00e9s legf\u0151k\u00e9ppen biztons\u00e1gos, \u00faj kalandparkot \u00e9p\u00edtsen a gyerekek sz\u00e1m\u00e1ra.<\/p><p class=\"p1\">K\u00e9rj\u00fck sz\u00edves t\u00fcrelm\u00fcket \u00e9s meg\u00e9rt\u00e9s\u00fcket!<\/p>\t\t\t\t\t\t\t\t<\/div>\n\t\t\t\t<\/div>\n\t\t\t\t\t<\/div>\n\t\t\t\t<\/div>\n\t\t\t\t<\/div>\n\t\t","protected":false},"excerpt":{"rendered":"<p>Ez\u00faton t\u00e1j\u00e9koztatjuk \u00d6n\u00f6ket, hogy kalandparkunk \u00e1t\u00e9p\u00edt\u00e9si munk\u00e1latok miatt ideiglenesen z\u00e1rva tart. A kor\u00e1bbi kalandparkot biztons\u00e1gi okok miatt el kellett bontanunk. Az aktu\u00e1lis v\u00e1rosvezet\u00e9s elk\u00f6telezett amellett,&hellip;<\/p>\n","protected":false},"author":1,"featured_media":0,"parent":0,"menu_order":0,"comment_status":"closed","ping_status":"closed","template":"","meta":{"footnotes":""},"class_list":["post-4465","page","type-page","status-publish","hentry"],"_links":{"self":[{"href":"https:\/\/www.fotikozszolg.hu\/index.php?rest_route=\/wp\/v2\/pages\/4465","targetHints":{"allow":["GET"]}}],"collection":[{"href":"https:\/\/www.fotikozszolg.hu\/index.php?rest_route=\/wp\/v2\/pages"}],"about":[{"href":"https:\/\/www.fotikozszolg.hu\/index.php?rest_route=\/wp\/v2\/types\/page"}],"author":[{"embeddable":true,"href":"https:\/\/www.fotikozszolg.hu\/index.php?rest_route=\/wp\/v2\/users\/1"}],"replies":[{"embeddable":true,"href":"https:\/\/www.fotikozszolg.hu\/index.php?rest_route=%2Fwp%2Fv2%2Fcomments&post=4465"}],"version-history":[{"count":14,"href":"https:\/\/www.fotikozszolg.hu\/index.php?rest_route=\/wp\/v2\/pages\/4465\/revisions"}],"predecessor-version":[{"id":5974,"href":"https:\/\/www.fotikozszolg.hu\/index.php?rest_route=\/wp\/v2\/pages\/4465\/revisions\/5974"}],"wp:attachment":[{"href":"https:\/\/www.fotikozszolg.hu\/index.php?rest_route=%2Fwp%2Fv2%2Fmedia&parent=4465"}],"curies":[{"name":"wp","href":"https:\/\/api.w.org\/{rel}","templated":true}]}}

Somlyó kalandpark

<div data-elementor-type="wp-page" data-elementor-id="4465" class="elementor elementor-4465">
				<div class="elementor-element elementor-element-ab8647e e-flex e-con-boxed e-con e-parent" data-id="ab8647e" data-element_type="container">
					<div class="e-con-inner">
				<div class="elementor-element elementor-element-ec5004b elementor-widget elementor-widget-text-editor" data-id="ec5004b" data-element_type="widget" data-widget_type="text-editor.default">
				<div class="elementor-widget-container">
									<p class="p1">Ezúton tájékoztatjuk Önöket, hogy kalandparkunk átépítési munkálatok miatt ideiglenesen zárva tart. A korábbi kalandparkot biztonsági okok miatt el kellett bontanunk. Az aktuális városvezetés elkötelezett amellett, hogy egy modern, minden igényt kielégítő és legfőképpen biztonságos, új kalandparkot építsen a gyerekek számára.</p><p class="p1">Kérjük szíves türelmüket és megértésüket!</p>								</div>
				</div>
					</div>
				</div>
				</div>

<p>Ezúton tájékoztatjuk Önöket, hogy kalandparkunk átépítési munkálatok miatt ideiglenesen zárva tart. A korábbi kalandparkot biztonsági okok miatt el kellett bontanunk. Az aktuális városvezetés elkötelezett amellett,&hellip;</p>
