{"id":4433,"date":"2025-03-19T12:04:56","date_gmt":"2025-03-19T11:04:56","guid":{"rendered":"https:\/\/www.fotikozszolg.hu\/?page_id=4433"},"modified":"2025-05-26T11:06:24","modified_gmt":"2025-05-26T09:06:24","slug":"kerteszet","status":"publish","type":"page","link":"https:\/\/www.fotikozszolg.hu\/?page_id=4433","title":{"rendered":"Kert\u00e9szet"},"content":{"rendered":"\t\t<div data-elementor-type=\"wp-page\" data-elementor-id=\"4433\" class=\"elementor elementor-4433\">\n\t\t\t\t<div class=\"elementor-element elementor-element-66b2e29 e-flex e-con-boxed e-con e-parent\" data-id=\"66b2e29\" data-element_type=\"container\">\n\t\t\t\t\t<div class=\"e-con-inner\">\n\t\t\t\t<div class=\"elementor-element elementor-element-04528bf elementor-widget elementor-widget-text-editor\" data-id=\"04528bf\" data-element_type=\"widget\" data-widget_type=\"text-editor.default\">\n\t\t\t\t<div class=\"elementor-widget-container\">\n\t\t\t\t\t\t\t\t\t<h3 class=\"section-title\"><strong>Egy\u00fctt \u2013 egy \u00e9lhet\u0151bb v\u00e1ros\u00e9rt!<\/strong><\/h3>\n<p class=\"section-text\">A F\u00f3ti K\u00f6zszolg\u00e1ltat\u00f3 Nonprofit Kft c\u00e9lja a v\u00e1ros vezet\u0151ivel k\u00f6z\u00f6sen, egy kultur\u00e1lt, k\u00f6rnyezetbar\u00e1t k\u00e9p kialak\u00edt\u00e1sa F\u00f3ton. Kert\u00e9szeti csapatunk nap, mint nap azon dolgozik, hogy szebb\u00e9 tegye a v\u00e1rost.<\/p>\n<p class=\"section-text\">Az elm\u00falt \u00e9vekben haz\u00e1nkban is tapasztaljuk a kl\u00edmav\u00e1ltoz\u00e1st \u00e9s ami ezzel egy\u00fctt j\u00e1r, az \u00e1tlagh\u0151m\u00e9rs\u00e9klet emelked\u00e9s\u00e9t, a hossz\u00fa forr\u00f3 nyarakat, a kev\u00e9s csapad\u00e9kot, illetve amikor egyszerre nagyon sok es\u0151 esik. Ez bizony komoly kih\u00edv\u00e1sok el\u00e9 \u00e1ll\u00edt minket a v\u00e1rosi z\u00f6ldfel\u00fcletek tervez\u00e9s\u00e9n\u00e9l \u00e9s a fenntart\u00e1sukn\u00e1l is egyar\u00e1nt.<\/p>\n\n<ul class=\"tasks-list\">\n    <li>Olyan fajt\u00e1kat igyeksz\u00fcnk az \u00e1gy\u00e1sokba telep\u00edteni, melyek jobban b\u00edrj\u00e1k az extr\u00e9m h\u0151s\u00e9get. Pl: levendula, zs\u00e1lya, d\u00edszf\u00fcvek.<\/li>\n    <li>A egyny\u00e1ri vir\u00e1gok sz\u00e1m\u00e1t \u2013 az elm\u00falt \u00e9vekhez k\u00e9pest \u2013 jelent\u0151sen cs\u00f6kkentett\u00fck.<\/li>\n    <li>Folyamatos fa- \u00e9s cserje \u00fcltet\u00e9st tervez\u00fcnk- itt is szem el\u0151tt tartva a gondos fajtav\u00e1laszt\u00e1st.<\/li>\n    <li>Fa\u00f6nt\u00f6z\u0151 zs\u00e1kokkal biztos\u00edtjuk a f\u00e1k csepegtet\u0151 \u00f6nt\u00f6z\u00e9s\u00e9t.<\/li>\n    <li>Mulccsal takarjuk \u00e1gy\u00e1sainkat.<\/li>\n    <li>\u201eVadvir\u00e1gos\u201d \u00e1gy\u00e1sokat hozunk l\u00e9tre, b\u00edzva abban, hogy ez nem csak v\u00e1rosi beporz\u00f3ink, mint a m\u00e9hek, pillang\u00f3k, lepk\u00e9k, de a lakoss\u00e1g tetsz\u00e9s\u00e9t is el fogj\u00e1k nyerni.<\/li>\n<\/ul>\n\n<p class=\"section-text\"><strong>Feladataink:<\/strong><\/p>\n<ul class=\"tasks-list\">\n    <li>Z\u00f6ldfel\u00fcletek (f\u0171- \u00e9s vir\u00e1gfel\u00fcletek f\u00e1ssz\u00e1r\u00fa d\u00edszn\u00f6v\u00e9nyzet) fenntart\u00e1sa<\/li>\n    <li>\u00d6nt\u00f6z\u00e9s<\/li>\n    <li>Ki\u00fcltet\u00e9sek<\/li>\n    <li>Gyoml\u00e1l\u00e1s<\/li>\n    <li>Lombgy\u0171jt\u00e9s<\/li>\n    <li>S\u00f6v\u00e9nyek ny\u00edr\u00e1sa, cserj\u00e9k metsz\u00e9se<\/li>\n    <li>F\u0171ny\u00edr\u00e1s, f\u0171kasz\u00e1l\u00e1s<\/li>\n    <li>Kert\u00e9szet\u00fcnk faiskol\u00e1j\u00e1nak fenntart\u00e1sa<\/li>\n    <li>S\u00edkoss\u00e1gmentes\u00edt\u00e9s stb\u2026<\/li>\n<\/ul>\n\n<p class=\"section-text\">A folyamatos karbantart\u00e1s (gyoml\u00e1l\u00e1s, kasz\u00e1l\u00e1s, metsz\u00e9s, \u00f6nt\u00f6z\u00e9s) nem besz\u00e9lve a n\u00f6v\u00e9nyek \u00fcltet\u00e9s\u00e9r\u0151l, rengeteg id\u0151t, energi\u00e1t vesz ig\u00e9nybe, ez\u00e9rt k\u00e9r\u00fcnk minden lakost, hogy k\u00f6z\u00f6sen vigy\u00e1zzunk v\u00e1rosunk \u201esz\u00e9ps\u00e9geire\u201d \u2013 egy\u00fctt, egy \u00e9lhet\u0151bb v\u00e1ros\u00e9rt!<\/p>\n\t\t\t\t\t\t\t\t<\/div>\n\t\t\t\t<\/div>\n\t\t\t\t\t<\/div>\n\t\t\t\t<\/div>\n\t\t<div class=\"elementor-element elementor-element-b42e07d e-flex e-con-boxed e-con e-parent\" data-id=\"b42e07d\" data-element_type=\"container\">\n\t\t\t\t\t<div class=\"e-con-inner\">\n\t\t\t\t<div class=\"elementor-element elementor-element-bdf57e1 elementor-arrows-position-inside elementor-pagination-position-outside elementor-widget elementor-widget-image-carousel\" data-id=\"bdf57e1\" data-element_type=\"widget\" data-settings=\"{&quot;navigation&quot;:&quot;both&quot;,&quot;autoplay&quot;:&quot;yes&quot;,&quot;pause_on_hover&quot;:&quot;yes&quot;,&quot;pause_on_interaction&quot;:&quot;yes&quot;,&quot;autoplay_speed&quot;:5000,&quot;infinite&quot;:&quot;yes&quot;,&quot;speed&quot;:500}\" data-widget_type=\"image-carousel.default\">\n\t\t\t\t<div class=\"elementor-widget-container\">\n\t\t\t\t\t\t\t<div class=\"elementor-image-carousel-wrapper swiper\" role=\"region\" aria-roledescription=\"carousel\" aria-label=\"Image Carousel\" dir=\"ltr\">\n\t\t\t<div class=\"elementor-image-carousel swiper-wrapper\" aria-live=\"off\">\n\t\t\t\t\t\t\t\t<div class=\"swiper-slide\" role=\"group\" aria-roledescription=\"slide\" aria-label=\"1 of 3\"><figure class=\"swiper-slide-inner\"><img decoding=\"async\" class=\"swiper-slide-image\" src=\"https:\/\/www.fotikozszolg.hu\/wp-content\/uploads\/2025\/03\/kerte\u0301szet3-1-150x150.jpg\" alt=\"kerte\u0301szet3.jpg\" \/><\/figure><\/div><div class=\"swiper-slide\" role=\"group\" aria-roledescription=\"slide\" aria-label=\"2 of 3\"><figure class=\"swiper-slide-inner\"><img decoding=\"async\" class=\"swiper-slide-image\" src=\"https:\/\/www.fotikozszolg.hu\/wp-content\/uploads\/2025\/03\/kerte\u0301szet7-1-150x150.jpg\" alt=\"kerte\u0301szet7.jpg\" \/><\/figure><\/div><div class=\"swiper-slide\" role=\"group\" aria-roledescription=\"slide\" aria-label=\"3 of 3\"><figure class=\"swiper-slide-inner\"><img decoding=\"async\" class=\"swiper-slide-image\" src=\"https:\/\/www.fotikozszolg.hu\/wp-content\/uploads\/2025\/03\/Viragok-1-1-1-150x150.jpg\" alt=\"Viragok-1-1.jpg\" \/><\/figure><\/div>\t\t\t<\/div>\n\t\t\t\t\t\t\t\t\t\t\t\t<div class=\"elementor-swiper-button elementor-swiper-button-prev\" role=\"button\" tabindex=\"0\">\n\t\t\t\t\t\t<svg aria-hidden=\"true\" class=\"e-font-icon-svg e-eicon-chevron-left\" viewBox=\"0 0 1000 1000\" xmlns=\"http:\/\/www.w3.org\/2000\/svg\"><path d=\"M646 125C629 125 613 133 604 142L308 442C296 454 292 471 292 487 292 504 296 521 308 533L604 854C617 867 629 875 646 875 663 875 679 871 692 858 704 846 713 829 713 812 713 796 708 779 692 767L438 487 692 225C700 217 708 204 708 187 708 171 704 154 692 142 675 129 663 125 646 125Z\"><\/path><\/svg>\t\t\t\t\t<\/div>\n\t\t\t\t\t<div class=\"elementor-swiper-button elementor-swiper-button-next\" role=\"button\" tabindex=\"0\">\n\t\t\t\t\t\t<svg aria-hidden=\"true\" class=\"e-font-icon-svg e-eicon-chevron-right\" viewBox=\"0 0 1000 1000\" xmlns=\"http:\/\/www.w3.org\/2000\/svg\"><path d=\"M696 533C708 521 713 504 713 487 713 471 708 454 696 446L400 146C388 133 375 125 354 125 338 125 325 129 313 142 300 154 292 171 292 187 292 204 296 221 308 233L563 492 304 771C292 783 288 800 288 817 288 833 296 850 308 863 321 871 338 875 354 875 371 875 388 867 400 854L696 533Z\"><\/path><\/svg>\t\t\t\t\t<\/div>\n\t\t\t\t\n\t\t\t\t\t\t\t\t\t<div class=\"swiper-pagination\"><\/div>\n\t\t\t\t\t\t\t\t\t<\/div>\n\t\t\t\t\t\t<\/div>\n\t\t\t\t<\/div>\n\t\t\t\t\t<\/div>\n\t\t\t\t<\/div>\n\t\t\t\t<\/div>\n\t\t","protected":false},"excerpt":{"rendered":"<p>Egy\u00fctt \u2013 egy \u00e9lhet\u0151bb v\u00e1ros\u00e9rt! A F\u00f3ti K\u00f6zszolg\u00e1ltat\u00f3 Nonprofit Kft c\u00e9lja a v\u00e1ros vezet\u0151ivel k\u00f6z\u00f6sen, egy kultur\u00e1lt, k\u00f6rnyezetbar\u00e1t k\u00e9p kialak\u00edt\u00e1sa F\u00f3ton. Kert\u00e9szeti csapatunk nap, mint&hellip;<\/p>\n","protected":false},"author":1,"featured_media":0,"parent":0,"menu_order":0,"comment_status":"closed","ping_status":"closed","template":"","meta":{"footnotes":""},"class_list":["post-4433","page","type-page","status-publish","hentry"],"_links":{"self":[{"href":"https:\/\/www.fotikozszolg.hu\/index.php?rest_route=\/wp\/v2\/pages\/4433","targetHints":{"allow":["GET"]}}],"collection":[{"href":"https:\/\/www.fotikozszolg.hu\/index.php?rest_route=\/wp\/v2\/pages"}],"about":[{"href":"https:\/\/www.fotikozszolg.hu\/index.php?rest_route=\/wp\/v2\/types\/page"}],"author":[{"embeddable":true,"href":"https:\/\/www.fotikozszolg.hu\/index.php?rest_route=\/wp\/v2\/users\/1"}],"replies":[{"embeddable":true,"href":"https:\/\/www.fotikozszolg.hu\/index.php?rest_route=%2Fwp%2Fv2%2Fcomments&post=4433"}],"version-history":[{"count":23,"href":"https:\/\/www.fotikozszolg.hu\/index.php?rest_route=\/wp\/v2\/pages\/4433\/revisions"}],"predecessor-version":[{"id":5849,"href":"https:\/\/www.fotikozszolg.hu\/index.php?rest_route=\/wp\/v2\/pages\/4433\/revisions\/5849"}],"wp:attachment":[{"href":"https:\/\/www.fotikozszolg.hu\/index.php?rest_route=%2Fwp%2Fv2%2Fmedia&parent=4433"}],"curies":[{"name":"wp","href":"https:\/\/api.w.org\/{rel}","templated":true}]}}