{"id":4426,"date":"2025-03-19T12:04:11","date_gmt":"2025-03-19T11:04:11","guid":{"rendered":"https:\/\/www.fotikozszolg.hu\/?page_id=4426"},"modified":"2026-02-24T09:20:01","modified_gmt":"2026-02-24T08:20:01","slug":"kapcsolat","status":"publish","type":"page","link":"https:\/\/www.fotikozszolg.hu\/?page_id=4426","title":{"rendered":"Kapcsolat"},"content":{"rendered":"\t\t<div data-elementor-type=\"wp-page\" data-elementor-id=\"4426\" class=\"elementor elementor-4426\">\n\t\t\t\t<div class=\"elementor-element elementor-element-3a214d4 e-flex e-con-boxed e-con e-parent\" data-id=\"3a214d4\" data-element_type=\"container\">\n\t\t\t\t\t<div class=\"e-con-inner\">\n\t\t<div class=\"elementor-element elementor-element-34a7134 e-con-full e-flex e-con e-child\" data-id=\"34a7134\" data-element_type=\"container\">\n\t\t\t\t<div class=\"elementor-element elementor-element-a613cad elementor-widget elementor-widget-text-editor\" data-id=\"a613cad\" data-element_type=\"widget\" data-widget_type=\"text-editor.default\">\n\t\t\t\t<div class=\"elementor-widget-container\">\n\t\t\t\t\t\t\t\t\t<p>Tisztelt Lakosok!<\/p><p>K\u00e9rj\u00fck, hogy \u00e9szrev\u00e9teleiket, k\u00e9rd\u00e9seiket a lakossag@fotikozszolg.hu email c\u00edmre \u00edrj\u00e1k meg!<\/p><p>K\u00f6sz\u00f6nettel:<\/p><p>A F\u00f3ti k\u00f6zszolg\u00e1ltat\u00f3 Nonprofit Kft. csapata<\/p>\t\t\t\t\t\t\t\t<\/div>\n\t\t\t\t<\/div>\n\t\t\t\t<\/div>\n\t\t\t\t<div class=\"elementor-element elementor-element-0c6f6c6 elementor-widget elementor-widget-html\" data-id=\"0c6f6c6\" data-element_type=\"widget\" data-widget_type=\"html.default\">\n\t\t\t\t<div class=\"elementor-widget-container\">\n\t\t\t\t\t<table border=\"1\" width=\"100%\" cellpadding=\"5\" cellspacing=\"0\">\n    <tr>\n        <th>Poz\u00edci\u00f3<\/th>\n        <th>N\u00e9v<\/th>\n        <th>Email<\/th>\n        <th>Telefon<\/th>\n    <\/tr>\n    <tr>\n        <td><strong>Iroda (2151 F\u00f3t, Malom utca 1.)<\/strong><\/td>\n        <td>-<\/td>\n        <td><a href=\"mailto:info@fotikozszolg.hu\">info@fotikozszolg.hu<\/a><\/td>\n        <td>-<\/td>\n    <\/tr>\n    <tr>\n        <td><strong>\u00dcgyvezet\u0151<\/strong><\/td>\n        <td>Czir\u00e1ki-Ny\u00e1ri T\u00fcnde<\/td>\n        <td><a href=\"mailto:ugyvezeto@fotikozszolg.hu\">ugyvezeto@fotikozszolg.hu<\/a><\/td>\n        <td>-<\/td>\n    <\/tr>\n    <tr>\n        <td><strong>Temet\u0151 \u00fczemeltet\u00e9s<\/strong><\/td>\n        <td>Tak\u00e1csn\u00e9 Pet\u00e9nyi Erika<\/td>\n        <td><a href=\"mailto:kegyelet@fotikozszolg.hu\">kegyelet@fotikozszolg.hu<\/a><\/td>\n        <td><a href=\"tel:+36704697265\">+36 70 469 7265<\/a><\/td>\n    <\/tr>\n    <tr>\n        <td><strong>P\u00e9nz\u00fcgy<\/strong><\/td>\n        <td>-<\/td>\n        <td><a href=\"mailto:penzugy@fotikozszolg.hu\">penzugy@fotikozszolg.hu<\/a><\/td>\n        <td>-<\/td>\n    <\/tr>\n    <tr>\n        <td><strong>Somly\u00f3 T\u00f3 Ifj\u00fas\u00e1gi \u00e9p\u00fclet b\u00e9rl\u00e9s<\/strong><\/td>\n        <td>Rab Szil\u00e1rd<\/td>\n        <td><a href=\"mailto:rab.szilard@fotikozszolg.hu\">rab.szilard@fotikozszolg.hu<\/a><\/td>\n        <td><a href=\"tel:+36708551253\">+36 70 855 1253<\/a><\/td>\n    <\/tr>\n    \n<\/table>\n\t\t\t\t<\/div>\n\t\t\t\t<\/div>\n\t\t\t\t\t<\/div>\n\t\t\t\t<\/div>\n\t\t\t\t<\/div>\n\t\t","protected":false},"excerpt":{"rendered":"<p>Tisztelt Lakosok! K\u00e9rj\u00fck, hogy \u00e9szrev\u00e9teleiket, k\u00e9rd\u00e9seiket a lakossag@fotikozszolg.hu email c\u00edmre \u00edrj\u00e1k meg! K\u00f6sz\u00f6nettel: A F\u00f3ti k\u00f6zszolg\u00e1ltat\u00f3 Nonprofit Kft. csapata Poz\u00edci\u00f3 N\u00e9v Email Telefon Iroda (2151&hellip;<\/p>\n","protected":false},"author":1,"featured_media":0,"parent":0,"menu_order":0,"comment_status":"closed","ping_status":"closed","template":"","meta":{"footnotes":""},"class_list":["post-4426","page","type-page","status-publish","hentry"],"_links":{"self":[{"href":"https:\/\/www.fotikozszolg.hu\/index.php?rest_route=\/wp\/v2\/pages\/4426","targetHints":{"allow":["GET"]}}],"collection":[{"href":"https:\/\/www.fotikozszolg.hu\/index.php?rest_route=\/wp\/v2\/pages"}],"about":[{"href":"https:\/\/www.fotikozszolg.hu\/index.php?rest_route=\/wp\/v2\/types\/page"}],"author":[{"embeddable":true,"href":"https:\/\/www.fotikozszolg.hu\/index.php?rest_route=\/wp\/v2\/users\/1"}],"replies":[{"embeddable":true,"href":"https:\/\/www.fotikozszolg.hu\/index.php?rest_route=%2Fwp%2Fv2%2Fcomments&post=4426"}],"version-history":[{"count":44,"href":"https:\/\/www.fotikozszolg.hu\/index.php?rest_route=\/wp\/v2\/pages\/4426\/revisions"}],"predecessor-version":[{"id":6420,"href":"https:\/\/www.fotikozszolg.hu\/index.php?rest_route=\/wp\/v2\/pages\/4426\/revisions\/6420"}],"wp:attachment":[{"href":"https:\/\/www.fotikozszolg.hu\/index.php?rest_route=%2Fwp%2Fv2%2Fmedia&parent=4426"}],"curies":[{"name":"wp","href":"https:\/\/api.w.org\/{rel}","templated":true}]}}