{"id":4416,"date":"2025-03-19T12:03:18","date_gmt":"2025-03-19T11:03:18","guid":{"rendered":"https:\/\/www.fotikozszolg.hu\/?page_id=4416"},"modified":"2025-04-10T11:26:52","modified_gmt":"2025-04-10T09:26:52","slug":"tarsasagunkrol","status":"publish","type":"page","link":"https:\/\/www.fotikozszolg.hu\/?page_id=4416","title":{"rendered":"T\u00e1rsas\u00e1gunkr\u00f3l"},"content":{"rendered":"\t\t<div data-elementor-type=\"wp-page\" data-elementor-id=\"4416\" class=\"elementor elementor-4416\">\n\t\t\t\t<div class=\"elementor-element elementor-element-7cbc654 e-flex e-con-boxed e-con e-parent\" data-id=\"7cbc654\" data-element_type=\"container\">\n\t\t\t\t\t<div class=\"e-con-inner\">\n\t\t\t\t<div class=\"elementor-element elementor-element-62ab6b6 elementor-widget elementor-widget-html\" data-id=\"62ab6b6\" data-element_type=\"widget\" data-widget_type=\"html.default\">\n\t\t\t\t<div class=\"elementor-widget-container\">\n\t\t\t\t\t<div class=\"foti-kozosseg\">\n    <style>\n        \/* --- Alap tipogr\u00e1fia \u00e9s sz\u00ednek --- *\/\n        .foti-kozosseg {\n            font-family: 'Montserrat', sans-serif;\n            color: #333;\n            line-height: 1.6;\n            padding: 20px;\n        }\n\n        .foti-kozosseg h3.section-title {\n            font-size: 1.8rem;\n            color: #2c662d;\n            text-align: center;\n            margin-bottom: 20px;\n        }\n\n        .foti-kozosseg strong {\n            font-weight: bold;\n        }\n\n        .foti-kozosseg p.section-text {\n            font-size: 1.1rem;\n            color: #333;\n            text-align: justify;\n            margin-bottom: 15px;\n            line-height: 1.8;\n        }\n\n        .foti-kozosseg ul.tasks-list {\n            padding-left: 20px;\n            list-style-type: none;\n            font-size: 1.1rem;\n        }\n\n        .foti-kozosseg ul.tasks-list li {\n            position: relative;\n            padding-left: 30px;\n            margin-bottom: 10px;\n        }\n\n        .foti-kozosseg ul.tasks-list li::before {\n            content: \"\";\n            position: absolute;\n            left: 0;\n            top: 6px;\n            width: 12px;\n            height: 12px;\n            border-radius: 50%;\n            background-color: #2c662d;\n            border: 2px solid #fff;\n        }\n    <\/style>\n\n    <p class=\"section-text\">\n        A F\u00f3ti K\u00f6zszolg\u00e1ltat\u00f3 Nonprofit Kft. \u2013 amely 100%-osan az \u00d6nkorm\u00e1nyzat tulajdon\u00e1ban \u00e1ll \u2013 az \u00d6nkorm\u00e1nyzattal szorosan egy\u00fcttm\u0171k\u00f6dve a v\u00e1ros \u00fczemeltet\u00e9s\u00e9nek motorj\u00e1t adja. Tev\u00e9kenys\u00e9g\u00fcnk sz\u00e9les k\u00f6r\u0171:\n    <\/p>\n\n    <ul class=\"tasks-list\">\n        <li>bonyol\u00edtjuk az \u00f6nkorm\u00e1nyzati int\u00e9zm\u00e9nyi- \u00e9s lak\u00f3h\u00e1z, z\u00f6ldter\u00fcleti \u00e9s \u00fatfejleszt\u00e9si beruh\u00e1z\u00e1sokat, valamint a fel\u00faj\u00edt\u00e1sokat<\/li>\n        <li>ell\u00e1tjuk a kegyeleti \u00fcgyint\u00e9z\u00e9st<\/li>\n        <li>fenntartjuk \u00e9s gondozzuk a k\u00f6zter\u00fcleteket \u2013 parkokat, j\u00e1tsz\u00f3tereket, z\u00f6ldter\u00fcleteket, utakat<\/li>\n    <\/ul>\n\n    <p class=\"section-text\">\n        Hozz\u00e1j\u00e1rulunk a v\u00e1rosi rendezv\u00e9nyek el\u0151k\u00e9sz\u00edt\u00e9s\u00e9hez \u00e9s a lakoss\u00e1gi bejelent\u00e9sek megold\u00e1s\u00e1hoz. Vezet\u0151s\u00e9g\u00fcnkkel \u00e9s koll\u00e9g\u00e1inkkal azon dolgozunk, hogy a j\u00f6v\u0151ben a f\u00f3ti lakosok ig\u00e9nyei teret kapjanak, \u00e9s a lakoss\u00e1ggal egy\u00fcttm\u0171k\u00f6dve, telep\u00fcl\u00e9s\u00fcnk bar\u00e1ts\u00e1gos, \u00e9lhet\u0151 v\u00e1ross\u00e1 fejl\u0151dj\u00f6n.\n    <\/p>\n<\/div>\n\n\n\t\t\t\t<\/div>\n\t\t\t\t<\/div>\n\t\t\t\t\t<\/div>\n\t\t\t\t<\/div>\n\t\t<div class=\"elementor-element elementor-element-6af2e31 e-flex e-con-boxed e-con e-parent\" data-id=\"6af2e31\" data-element_type=\"container\">\n\t\t\t\t\t<div class=\"e-con-inner\">\n\t\t\t\t<div class=\"elementor-element elementor-element-eab82ed elementor-widget elementor-widget-image\" data-id=\"eab82ed\" data-element_type=\"widget\" data-widget_type=\"image.default\">\n\t\t\t\t<div class=\"elementor-widget-container\">\n\t\t\t\t\t\t\t\t\t\t\t\t\t\t\t<img fetchpriority=\"high\" decoding=\"async\" width=\"172\" height=\"300\" src=\"https:\/\/www.fotikozszolg.hu\/wp-content\/uploads\/2025\/04\/Fot-172x300.jpg\" class=\"attachment-medium size-medium wp-image-5486\" alt=\"\" srcset=\"https:\/\/www.fotikozszolg.hu\/wp-content\/uploads\/2025\/04\/Fot-172x300.jpg 172w, https:\/\/www.fotikozszolg.hu\/wp-content\/uploads\/2025\/04\/Fot-586x1024.jpg 586w, https:\/\/www.fotikozszolg.hu\/wp-content\/uploads\/2025\/04\/Fot-768x1343.jpg 768w, https:\/\/www.fotikozszolg.hu\/wp-content\/uploads\/2025\/04\/Fot-878x1536.jpg 878w, https:\/\/www.fotikozszolg.hu\/wp-content\/uploads\/2025\/04\/Fot-1171x2048.jpg 1171w, https:\/\/www.fotikozszolg.hu\/wp-content\/uploads\/2025\/04\/Fot-scaled.jpg 1464w\" sizes=\"(max-width: 172px) 100vw, 172px\" \/>\t\t\t\t\t\t\t\t\t\t\t\t\t\t\t<\/div>\n\t\t\t\t<\/div>\n\t\t\t\t\t<\/div>\n\t\t\t\t<\/div>\n\t\t\t\t<\/div>\n\t\t","protected":false},"excerpt":{"rendered":"<p>A F\u00f3ti K\u00f6zszolg\u00e1ltat\u00f3 Nonprofit Kft. \u2013 amely 100%-osan az \u00d6nkorm\u00e1nyzat tulajdon\u00e1ban \u00e1ll \u2013 az \u00d6nkorm\u00e1nyzattal szorosan egy\u00fcttm\u0171k\u00f6dve a v\u00e1ros \u00fczemeltet\u00e9s\u00e9nek motorj\u00e1t adja. Tev\u00e9kenys\u00e9g\u00fcnk sz\u00e9les k\u00f6r\u0171:&hellip;<\/p>\n","protected":false},"author":1,"featured_media":0,"parent":0,"menu_order":0,"comment_status":"closed","ping_status":"closed","template":"","meta":{"footnotes":""},"class_list":["post-4416","page","type-page","status-publish","hentry"],"_links":{"self":[{"href":"https:\/\/www.fotikozszolg.hu\/index.php?rest_route=\/wp\/v2\/pages\/4416","targetHints":{"allow":["GET"]}}],"collection":[{"href":"https:\/\/www.fotikozszolg.hu\/index.php?rest_route=\/wp\/v2\/pages"}],"about":[{"href":"https:\/\/www.fotikozszolg.hu\/index.php?rest_route=\/wp\/v2\/types\/page"}],"author":[{"embeddable":true,"href":"https:\/\/www.fotikozszolg.hu\/index.php?rest_route=\/wp\/v2\/users\/1"}],"replies":[{"embeddable":true,"href":"https:\/\/www.fotikozszolg.hu\/index.php?rest_route=%2Fwp%2Fv2%2Fcomments&post=4416"}],"version-history":[{"count":23,"href":"https:\/\/www.fotikozszolg.hu\/index.php?rest_route=\/wp\/v2\/pages\/4416\/revisions"}],"predecessor-version":[{"id":5497,"href":"https:\/\/www.fotikozszolg.hu\/index.php?rest_route=\/wp\/v2\/pages\/4416\/revisions\/5497"}],"wp:attachment":[{"href":"https:\/\/www.fotikozszolg.hu\/index.php?rest_route=%2Fwp%2Fv2%2Fmedia&parent=4416"}],"curies":[{"name":"wp","href":"https:\/\/api.w.org\/{rel}","templated":true}]}}

Társaságunkról

<div data-elementor-type="wp-page" data-elementor-id="4416" class="elementor elementor-4416">
				<div class="elementor-element elementor-element-7cbc654 e-flex e-con-boxed e-con e-parent" data-id="7cbc654" data-element_type="container">
					<div class="e-con-inner">
				<div class="elementor-element elementor-element-62ab6b6 elementor-widget elementor-widget-html" data-id="62ab6b6" data-element_type="widget" data-widget_type="html.default">
				<div class="elementor-widget-container">
					<div class="foti-kozosseg">
    <style>
        /* --- Alap tipográfia és színek --- */
        .foti-kozosseg {
            font-family: 'Montserrat', sans-serif;
            color: #333;
            line-height: 1.6;
            padding: 20px;
        }

        .foti-kozosseg h3.section-title {
            font-size: 1.8rem;
            color: #2c662d;
            text-align: center;
            margin-bottom: 20px;
        }

        .foti-kozosseg strong {
            font-weight: bold;
        }

        .foti-kozosseg p.section-text {
            font-size: 1.1rem;
            color: #333;
            text-align: justify;
            margin-bottom: 15px;
            line-height: 1.8;
        }

        .foti-kozosseg ul.tasks-list {
            padding-left: 20px;
            list-style-type: none;
            font-size: 1.1rem;
        }

        .foti-kozosseg ul.tasks-list li {
            position: relative;
            padding-left: 30px;
            margin-bottom: 10px;
        }

        .foti-kozosseg ul.tasks-list li::before {
            content: "";
            position: absolute;
            left: 0;
            top: 6px;
            width: 12px;
            height: 12px;
            border-radius: 50%;
            background-color: #2c662d;
            border: 2px solid #fff;
        }
    </style>

    <p class="section-text">
        A Fóti Közszolgáltató Nonprofit Kft. – amely 100%-osan az Önkormányzat tulajdonában áll – az Önkormányzattal szorosan együttműködve a város üzemeltetésének motorját adja. Tevékenységünk széles körű:
    </p>

    <ul class="tasks-list">
        <li>bonyolítjuk az önkormányzati intézményi- és lakóház, zöldterületi és útfejlesztési beruházásokat, valamint a felújításokat</li>
        <li>ellátjuk a kegyeleti ügyintézést</li>
        <li>fenntartjuk és gondozzuk a közterületeket – parkokat, játszótereket, zöldterületeket, utakat</li>
    </ul>

    <p class="section-text">
        Hozzájárulunk a városi rendezvények előkészítéséhez és a lakossági bejelentések megoldásához. Vezetőségünkkel és kollégáinkkal azon dolgozunk, hogy a jövőben a fóti lakosok igényei teret kapjanak, és a lakossággal együttműködve, településünk barátságos, élhető várossá fejlődjön.
    </p>
</div>


				</div>
				</div>
					</div>
				</div>
		<div class="elementor-element elementor-element-6af2e31 e-flex e-con-boxed e-con e-parent" data-id="6af2e31" data-element_type="container">
					<div class="e-con-inner">
				<div class="elementor-element elementor-element-eab82ed elementor-widget elementor-widget-image" data-id="eab82ed" data-element_type="widget" data-widget_type="image.default">
				<div class="elementor-widget-container">
															<img fetchpriority="high" decoding="async" width="172" height="300" src="https://www.fotikozszolg.hu/wp-content/uploads/2025/04/Fot-172x300.jpg" class="attachment-medium size-medium wp-image-5486" alt="" srcset="https://www.fotikozszolg.hu/wp-content/uploads/2025/04/Fot-172x300.jpg 172w, https://www.fotikozszolg.hu/wp-content/uploads/2025/04/Fot-586x1024.jpg 586w, https://www.fotikozszolg.hu/wp-content/uploads/2025/04/Fot-768x1343.jpg 768w, https://www.fotikozszolg.hu/wp-content/uploads/2025/04/Fot-878x1536.jpg 878w, https://www.fotikozszolg.hu/wp-content/uploads/2025/04/Fot-1171x2048.jpg 1171w, https://www.fotikozszolg.hu/wp-content/uploads/2025/04/Fot-scaled.jpg 1464w" sizes="(max-width: 172px) 100vw, 172px" />															</div>
				</div>
					</div>
				</div>
				</div>

<p>A Fóti Közszolgáltató Nonprofit Kft. – amely 100%-osan az Önkormányzat tulajdonában áll – az Önkormányzattal szorosan együttműködve a város üzemeltetésének motorját adja. Tevékenységünk széles körű:&hellip;</p>
